{"id":306,"date":"2014-05-31T12:54:16","date_gmt":"2014-05-31T12:54:16","guid":{"rendered":"http:\/\/demo.themegrill.com\/accelerate\/?page_id=86"},"modified":"2024-07-15T06:03:58","modified_gmt":"2024-07-15T06:03:58","slug":"sky-diving","status":"publish","type":"page","link":"https:\/\/www.artrinaramky.cz\/?page_id=306","title":{"rendered":"Ol\u00edvie"},"content":{"rendered":"\n<div class=\"wp-block-media-text alignwide is-stacked-on-mobile\" style=\"grid-template-columns:30% auto\"><figure class=\"wp-block-media-text__media\"><img loading=\"lazy\" decoding=\"async\" width=\"1024\" height=\"1024\" src=\"http:\/\/www.artrinaramky.cz\/wp-content\/uploads\/2022\/04\/Oli-1-1024x1024.jpg\" alt=\"\" class=\"wp-image-637 size-full\" srcset=\"https:\/\/www.artrinaramky.cz\/wp-content\/uploads\/2022\/04\/Oli-1-1024x1024.jpg 1024w, https:\/\/www.artrinaramky.cz\/wp-content\/uploads\/2022\/04\/Oli-1-300x300.jpg 300w, https:\/\/www.artrinaramky.cz\/wp-content\/uploads\/2022\/04\/Oli-1-150x150.jpg 150w, https:\/\/www.artrinaramky.cz\/wp-content\/uploads\/2022\/04\/Oli-1-768x768.jpg 768w, https:\/\/www.artrinaramky.cz\/wp-content\/uploads\/2022\/04\/Oli-1-230x230.jpg 230w, https:\/\/www.artrinaramky.cz\/wp-content\/uploads\/2022\/04\/Oli-1-365x365.jpg 365w, https:\/\/www.artrinaramky.cz\/wp-content\/uploads\/2022\/04\/Oli-1-600x600.jpg 600w, https:\/\/www.artrinaramky.cz\/wp-content\/uploads\/2022\/04\/Oli-1-100x100.jpg 100w, https:\/\/www.artrinaramky.cz\/wp-content\/uploads\/2022\/04\/Oli-1.jpg 1055w\" sizes=\"auto, (max-width: 1024px) 100vw, 1024px\" \/><\/figure><div class=\"wp-block-media-text__content\">\n<p class=\"has-large-font-size\">Ahoj,<\/p>\n\n\n\n<p>Jsem norm\u00e1ln\u00ed dvan\u00e1ctilet\u00e1 holka. S&nbsp;artritidou. Ale o&nbsp;tom v\u00edce v&nbsp;<a data-type=\"URL\" data-id=\"https:\/\/www.artrinaramky.cz\/?page_id=350\" href=\"https:\/\/www.artrinaramky.cz\/?page_id=350\">Na\u0161em p\u0159\u00edb\u011bhu<\/a>. N\u00e1ramky pom\u00e1h\u00e1m vyr\u00e1b\u011bt, n\u011bkter\u00e9 navrhuji a&nbsp;hlavn\u011b je nos\u00edm do nemocnice a&nbsp;p\u0159ed\u00e1v\u00e1m sest\u0159i\u010dk\u00e1m a&nbsp;doktork\u00e1m. Maj\u00ed v\u017edy radost, pr\u00fd jsou na\u0161e n\u00e1ramky rozdan\u00e9 natotata, n\u011bkte\u0159\u00ed rodi\u010de n\u00e1m pak p\u00ed\u0161ou pod\u011bkov\u00e1n\u00ed.<\/p>\n\n\n\n<p><\/p>\n<\/div><\/div>\n\n\n\n<p><\/p>\n","protected":false},"excerpt":{"rendered":"<p>Ahoj, Jsem norm\u00e1ln\u00ed dvan\u00e1ctilet\u00e1 holka. S&nbsp;artritidou. Ale o&nbsp;tom v\u00edce v&nbsp;Na\u0161em p\u0159\u00edb\u011bhu. N\u00e1ramky pom\u00e1h\u00e1m vyr\u00e1b\u011bt, n\u011bkter\u00e9 navrhuji a&nbsp;hlavn\u011b je nos\u00edm do nemocnice a&nbsp;p\u0159ed\u00e1v\u00e1m sest\u0159i\u010dk\u00e1m a&nbsp;doktork\u00e1m. Maj\u00ed v\u017edy radost, pr\u00fd jsou na\u0161e n\u00e1ramky rozdan\u00e9 natotata, n\u011bkte\u0159\u00ed rodi\u010de n\u00e1m pak p\u00ed\u0161ou pod\u011bkov\u00e1n\u00ed.<\/p>\n","protected":false},"author":1,"featured_media":637,"parent":0,"menu_order":0,"comment_status":"closed","ping_status":"closed","template":"","meta":{"_monsterinsights_skip_tracking":false,"_monsterinsights_sitenote_active":false,"_monsterinsights_sitenote_note":"","_monsterinsights_sitenote_category":0,"footnotes":""},"class_list":["post-306","page","type-page","status-publish","has-post-thumbnail","hentry"],"aioseo_notices":[],"jetpack_sharing_enabled":true,"_links":{"self":[{"href":"https:\/\/www.artrinaramky.cz\/index.php?rest_route=\/wp\/v2\/pages\/306","targetHints":{"allow":["GET"]}}],"collection":[{"href":"https:\/\/www.artrinaramky.cz\/index.php?rest_route=\/wp\/v2\/pages"}],"about":[{"href":"https:\/\/www.artrinaramky.cz\/index.php?rest_route=\/wp\/v2\/types\/page"}],"author":[{"embeddable":true,"href":"https:\/\/www.artrinaramky.cz\/index.php?rest_route=\/wp\/v2\/users\/1"}],"replies":[{"embeddable":true,"href":"https:\/\/www.artrinaramky.cz\/index.php?rest_route=%2Fwp%2Fv2%2Fcomments&post=306"}],"version-history":[{"count":10,"href":"https:\/\/www.artrinaramky.cz\/index.php?rest_route=\/wp\/v2\/pages\/306\/revisions"}],"predecessor-version":[{"id":1916,"href":"https:\/\/www.artrinaramky.cz\/index.php?rest_route=\/wp\/v2\/pages\/306\/revisions\/1916"}],"wp:featuredmedia":[{"embeddable":true,"href":"https:\/\/www.artrinaramky.cz\/index.php?rest_route=\/wp\/v2\/media\/637"}],"wp:attachment":[{"href":"https:\/\/www.artrinaramky.cz\/index.php?rest_route=%2Fwp%2Fv2%2Fmedia&parent=306"}],"curies":[{"name":"wp","href":"https:\/\/api.w.org\/{rel}","templated":true}]}}